{"id":3480,"date":"2026-01-28T01:49:51","date_gmt":"2026-01-28T00:49:51","guid":{"rendered":"https:\/\/leportaildelumiere.com\/index.php\/glossary\/espace\/"},"modified":"2026-01-28T01:49:51","modified_gmt":"2026-01-28T00:49:51","slug":"espace","status":"publish","type":"glossary","link":"https:\/\/leportaildelumiere.com\/index.php\/glossary\/espace\/","title":{"rendered":"Espace"},"content":{"rendered":"<p>Nous vivons dans un espace \u00e0 11 dimensions et les dimensions sup\u00e9rieures sont alambiqu\u00e9es, elles sont cach\u00e9es dans des plans d&rsquo;existence sup\u00e9rieurs. L&rsquo;espace et le temps sont comme le yin et le yang, comme deux reflets de l&rsquo;autre, et ils sont tous deux le produit des interactions entre la source et l&rsquo;anomalie primaire.<\/p>\n","protected":false},"excerpt":{"rendered":"<p>Nous vivons dans un espace \u00e0 11 dimensions et les dimensions sup\u00e9rieures sont alambiqu\u00e9es, elles&#8230;<\/p>\n","protected":false},"author":1,"featured_media":0,"parent":0,"template":"","glossary-cat":[],"class_list":["post-3480","glossary","type-glossary","status-publish","hentry"],"jetpack_sharing_enabled":true,"_links":{"self":[{"href":"https:\/\/leportaildelumiere.com\/index.php\/wp-json\/wp\/v2\/glossary\/3480","targetHints":{"allow":["GET"]}}],"collection":[{"href":"https:\/\/leportaildelumiere.com\/index.php\/wp-json\/wp\/v2\/glossary"}],"about":[{"href":"https:\/\/leportaildelumiere.com\/index.php\/wp-json\/wp\/v2\/types\/glossary"}],"author":[{"embeddable":true,"href":"https:\/\/leportaildelumiere.com\/index.php\/wp-json\/wp\/v2\/users\/1"}],"version-history":[{"count":0,"href":"https:\/\/leportaildelumiere.com\/index.php\/wp-json\/wp\/v2\/glossary\/3480\/revisions"}],"wp:attachment":[{"href":"https:\/\/leportaildelumiere.com\/index.php\/wp-json\/wp\/v2\/media?parent=3480"}],"wp:term":[{"taxonomy":"glossary-cat","embeddable":true,"href":"https:\/\/leportaildelumiere.com\/index.php\/wp-json\/wp\/v2\/glossary-cat?post=3480"}],"curies":[{"name":"wp","href":"https:\/\/api.w.org\/{rel}","templated":true}]}}

<p>Nous vivons dans un espace à 11 dimensions et les dimensions supérieures sont alambiquées, elles sont cachées dans des plans d&rsquo;existence supérieurs. L&rsquo;espace et le temps sont comme le yin et le yang, comme deux reflets de l&rsquo;autre, et ils sont tous deux le produit des interactions entre la source et l&rsquo;anomalie primaire.</p>

<p>Nous vivons dans un espace à 11 dimensions et les dimensions supérieures sont alambiquées, elles&#8230;</p>
