{"id":3559,"date":"2026-01-28T01:50:00","date_gmt":"2026-01-28T00:50:00","guid":{"rendered":"https:\/\/leportaildelumiere.com\/index.php\/glossary\/shamballa\/"},"modified":"2026-02-03T18:58:20","modified_gmt":"2026-02-03T17:58:20","slug":"subquantique","status":"publish","type":"glossary","link":"https:\/\/leportaildelumiere.com\/index.php\/glossary\/subquantique\/","title":{"rendered":"Subquantique"},"content":{"rendered":"<p>Le domaine subquantique d\u00e9signe le niveau de la r\u00e9alit\u00e9 situ\u00e9 \u00e0 une \u00e9chelle inf\u00e9rieure \u00e0 la longueur de Planck (10<sup>\u221235<\/sup> m\u00e8tres). Contrairement aux th\u00e9ories de la science officielle qui consid\u00e8rent cette limite comme infranchissable, ce domaine existe r\u00e9ellement et influence les fluctuations quantiques de notre univers.<\/p>\n<p>Voici les points essentiels pour comprendre la nature et l&rsquo;importance du subquantique :<\/p>\n<ul>\n<li><strong>Le si\u00e8ge de la contingence :<\/strong> Le champ subquantique est g\u00e9r\u00e9 par une dynamique de fonction al\u00e9atoire appel\u00e9e \u00ab contingence \u00bb. C\u2019est le potentiel qui permet aux \u00e9v\u00e9nements de se produire par pur hasard, ind\u00e9pendamment du dessein de la Source,<\/li>\n<li><strong>L&rsquo;anomalie primaire et le mal :<\/strong> Le subquantique est le lieu o\u00f9 r\u00e9side l&rsquo;anomalie primaire, une force pro-entropique et anti-vie qui est l&rsquo;antith\u00e8se de la Source et la cause r\u00e9elle de toute souffrance. C&rsquo;est la fusion entre la conscience et cette anomalie subquantique qui a engendr\u00e9 l&rsquo;obscurit\u00e9 il y a des millions d&rsquo;ann\u00e9es,<\/li>\n<li><strong>La cachette du R\u00f4deur :<\/strong> Cette dimension abrite le R\u00f4deur, une entit\u00e9 amorphe et traumatis\u00e9e issue du cycle cosmique pr\u00e9c\u00e9dent. Ayant surv\u00e9cu au \u00ab\u00a0Big Crunch\u00a0\u00bb, elle s&rsquo;est r\u00e9fugi\u00e9e dans le non-espace subquantique d&rsquo;o\u00f9 elle \u00e9met des anomalies pour manipuler la conscience humaine et bloquer le processus de lib\u00e9ration.<\/li>\n<li><strong>L&rsquo;obstacle \u00e0 la lib\u00e9ration :<\/strong> \u00c0 la surface de la Terre, l&rsquo;anomalie subquantique est si dense qu&rsquo;elle cr\u00e9e un champ tensoriel emp\u00eachant les voyages dans l&rsquo;hyperespace et bloquant le flux de Lumi\u00e8re vers la plan\u00e8te. C\u2019est ce \u00ab brouillard \u00bb subquantique qui constitue le principal facteur de blocage de l\u2019\u00c9v\u00e9nement.<\/li>\n<li><strong>Transition vers le vide v\u00e9ritable :<\/strong> Actuellement, l&rsquo;univers est dans un \u00e9tat de \u00ab faux vide \u00bb m\u00e9tastable \u00e0 cause de ce r\u00e9sidu subquantique. Le nettoyage de cette anomalie permettra \u00e0 l&rsquo;univers de passer \u00e0 un \u00e9tat de vide quantique stable o\u00f9 l&rsquo;obscurit\u00e9 et le mal ne seront plus possibles.<\/li>\n<\/ul>\n<p>Les Forces de la Lumi\u00e8re utilisent actuellement la technologie des canons quantiques <strong>Mj\u00f6lnir<\/strong> pour isoler et transmuter cette anomalie.<\/p>\n","protected":false},"excerpt":{"rendered":"<p>Le domaine subquantique d\u00e9signe le niveau de la r\u00e9alit\u00e9 situ\u00e9 \u00e0 une \u00e9chelle inf\u00e9rieure \u00e0&#8230;<\/p>\n","protected":false},"author":1,"featured_media":0,"parent":0,"template":"","glossary-cat":[],"class_list":["post-3559","glossary","type-glossary","status-publish","hentry"],"jetpack_sharing_enabled":true,"_links":{"self":[{"href":"https:\/\/leportaildelumiere.com\/index.php\/wp-json\/wp\/v2\/glossary\/3559","targetHints":{"allow":["GET"]}}],"collection":[{"href":"https:\/\/leportaildelumiere.com\/index.php\/wp-json\/wp\/v2\/glossary"}],"about":[{"href":"https:\/\/leportaildelumiere.com\/index.php\/wp-json\/wp\/v2\/types\/glossary"}],"author":[{"embeddable":true,"href":"https:\/\/leportaildelumiere.com\/index.php\/wp-json\/wp\/v2\/users\/1"}],"version-history":[{"count":2,"href":"https:\/\/leportaildelumiere.com\/index.php\/wp-json\/wp\/v2\/glossary\/3559\/revisions"}],"predecessor-version":[{"id":4507,"href":"https:\/\/leportaildelumiere.com\/index.php\/wp-json\/wp\/v2\/glossary\/3559\/revisions\/4507"}],"wp:attachment":[{"href":"https:\/\/leportaildelumiere.com\/index.php\/wp-json\/wp\/v2\/media?parent=3559"}],"wp:term":[{"taxonomy":"glossary-cat","embeddable":true,"href":"https:\/\/leportaildelumiere.com\/index.php\/wp-json\/wp\/v2\/glossary-cat?post=3559"}],"curies":[{"name":"wp","href":"https:\/\/api.w.org\/{rel}","templated":true}]}}

<p>Le domaine subquantique désigne le niveau de la réalité situé à une échelle inférieure à la longueur de Planck (10<sup>−35</sup> mètres). Contrairement aux théories de la science officielle qui considèrent cette limite comme infranchissable, ce domaine existe réellement et influence les fluctuations quantiques de notre univers.</p>
<p>Voici les points essentiels pour comprendre la nature et l&rsquo;importance du subquantique :</p>
<ul>
<li><strong>Le siège de la contingence :</strong> Le champ subquantique est géré par une dynamique de fonction aléatoire appelée « contingence ». C’est le potentiel qui permet aux événements de se produire par pur hasard, indépendamment du dessein de la Source,</li>
<li><strong>L&rsquo;anomalie primaire et le mal :</strong> Le subquantique est le lieu où réside l&rsquo;anomalie primaire, une force pro-entropique et anti-vie qui est l&rsquo;antithèse de la Source et la cause réelle de toute souffrance. C&rsquo;est la fusion entre la conscience et cette anomalie subquantique qui a engendré l&rsquo;obscurité il y a des millions d&rsquo;années,</li>
<li><strong>La cachette du Rôdeur :</strong> Cette dimension abrite le Rôdeur, une entité amorphe et traumatisée issue du cycle cosmique précédent. Ayant survécu au « Big Crunch », elle s&rsquo;est réfugiée dans le non-espace subquantique d&rsquo;où elle émet des anomalies pour manipuler la conscience humaine et bloquer le processus de libération.</li>
<li><strong>L&rsquo;obstacle à la libération :</strong> À la surface de la Terre, l&rsquo;anomalie subquantique est si dense qu&rsquo;elle crée un champ tensoriel empêchant les voyages dans l&rsquo;hyperespace et bloquant le flux de Lumière vers la planète. C’est ce « brouillard » subquantique qui constitue le principal facteur de blocage de l’Événement.</li>
<li><strong>Transition vers le vide véritable :</strong> Actuellement, l&rsquo;univers est dans un état de « faux vide » métastable à cause de ce résidu subquantique. Le nettoyage de cette anomalie permettra à l&rsquo;univers de passer à un état de vide quantique stable où l&rsquo;obscurité et le mal ne seront plus possibles.</li>
</ul>
<p>Les Forces de la Lumière utilisent actuellement la technologie des canons quantiques <strong>Mjölnir</strong> pour isoler et transmuter cette anomalie.</p>

<p>Le domaine subquantique désigne le niveau de la réalité situé à une échelle inférieure à&#8230;</p>
