{"id":4579,"date":"2026-02-01T21:04:02","date_gmt":"2026-02-01T20:04:02","guid":{"rendered":"https:\/\/leportaildelumiere.com\/?post_type=glossary&#038;p=4579"},"modified":"2026-02-01T21:05:00","modified_gmt":"2026-02-01T20:05:00","slug":"apocalypse","status":"publish","type":"glossary","link":"https:\/\/leportaildelumiere.com\/index.php\/glossary\/apocalypse\/","title":{"rendered":"Apocalypse"},"content":{"rendered":"\n<p>Le mot <strong>apocalypse<\/strong> provient du grec et signifie litt\u00e9ralement \u00ab r\u00e9v\u00e9lation \u00bb, et non cataclysme ou destruction comme on le croit souvent. Dans le contexte de la lib\u00e9ration galactique, il repr\u00e9sente un moment de transition cosmique o\u00f9 les voiles de l&rsquo;illusion sont lev\u00e9s pour permettre une reconnexion totale avec la Source.<\/p>\n\n\n\n<p>Voici les d\u00e9tails approfondis pour comprendre ce concept :<\/p>\n\n\n\n<p>Une intervention divine directe<\/p>\n\n\n\n<p>L&rsquo;apocalypse d\u00e9signe le moment unique o\u00f9 l&rsquo;Absolu (la Source) intervient directement dans la Cr\u00e9ation pour dissoudre l&rsquo;anomalie primaire et tout le mal qui y est li\u00e9. Cet \u00e9v\u00e9nement se produit \u00e0 la charni\u00e8re entre l&rsquo;expansion et la contraction de l&rsquo;univers, marquant la fin d&rsquo;un grand cycle cosmique de plus de 13 milliards d&rsquo;ann\u00e9es.<\/p>\n\n\n\n<p>Un changement de nature quantique<\/p>\n\n\n\n<p>Sur le plan scientifique et vibratoire, l&rsquo;apocalypse correspond \u00e0 l&rsquo;effondrement de l&rsquo;\u00e9tat de \u00ab faux vide \u00bb \u2014 l&rsquo;\u00e9tat m\u00e9tastable actuel de l&rsquo;espace-temps qui permet l&rsquo;existence de l&rsquo;obscurit\u00e9. Ce basculement vers un vide v\u00e9ritable r\u00e9organise les lois physiques au niveau quantique, \u00e9liminant d\u00e9finitivement toute trace de n\u00e9gativit\u00e9 dans l&rsquo;univers.<\/p>\n\n\n\n<p>Le processus de purification<\/p>\n\n\n\n<p>Le d\u00e9clenchement de ce processus est li\u00e9 \u00e0 l&rsquo;\u00e9clipse solaire totale du 11 ao\u00fbt 1999, moment o\u00f9 l&rsquo;univers a re\u00e7u la \u00ab cl\u00e9 \u00bb pour commencer la dissolution des t\u00e9n\u00e8bres. Depuis lors, la Terre traverse une phase de purification extr\u00eame pour se pr\u00e9parer \u00e0 la \u00ab Perc\u00e9e par Compression \u00bb ou l&rsquo;\u00c9v\u00e9nement.<\/p>\n\n\n\n<p>La vision de Saint-Jean<\/p>\n\n\n\n<p>L&rsquo;apocalypse d\u00e9crite par Saint-Jean il y a 2000 ans \u00e9tait une vision fragment\u00e9e du plan de lib\u00e9ration actuel. Elle incluait des \u00e9l\u00e9ments tels que :<\/p>\n\n\n\n<p>\u2022 Le d\u00e9barquement massif de vaisseaux-m\u00e8res de la Conf\u00e9d\u00e9ration Galactique.<\/p>\n\n\n\n<p>\u2022 La purification des forces obscures et de leurs technologies (comme les biopuces).<\/p>\n\n\n\n<p>\u2022 La transition vers un \u00ab nouveau ciel \u00bb et une \u00ab nouvelle terre \u00bb.<\/p>\n\n\n\n<p>L&rsquo;aboutissement : l&rsquo;Apocatastase<\/p>\n\n\n\n<p>L&rsquo;apocalypse m\u00e8ne in\u00e9vitablement \u00e0 l&rsquo;<strong>Apocatastase<\/strong>, c&rsquo;est-\u00e0-dire la restauration finale de toutes choses \u00e0 leur \u00e9tat originel de Lumi\u00e8re et de puret\u00e9. Une fois l&rsquo;obscurit\u00e9 \u00e9limin\u00e9e, l&rsquo;humanit\u00e9 sortira de son amn\u00e9sie collective pour cocr\u00e9er son propre avenir dans un \u00c2ge d&rsquo;Or.<\/p>\n\n\n\n<p>Ce processus est donc per\u00e7u comme une lib\u00e9ration joyeuse plut\u00f4t qu&rsquo;une fin terrifiante.<\/p>\n","protected":false},"excerpt":{"rendered":"<p>Le mot apocalypse provient du grec et signifie litt\u00e9ralement \u00ab r\u00e9v\u00e9lation \u00bb, et non cataclysme&#8230;<\/p>\n","protected":false},"author":1,"featured_media":0,"parent":0,"template":"","glossary-cat":[],"class_list":["post-4579","glossary","type-glossary","status-publish","hentry"],"jetpack_sharing_enabled":true,"_links":{"self":[{"href":"https:\/\/leportaildelumiere.com\/index.php\/wp-json\/wp\/v2\/glossary\/4579","targetHints":{"allow":["GET"]}}],"collection":[{"href":"https:\/\/leportaildelumiere.com\/index.php\/wp-json\/wp\/v2\/glossary"}],"about":[{"href":"https:\/\/leportaildelumiere.com\/index.php\/wp-json\/wp\/v2\/types\/glossary"}],"author":[{"embeddable":true,"href":"https:\/\/leportaildelumiere.com\/index.php\/wp-json\/wp\/v2\/users\/1"}],"version-history":[{"count":2,"href":"https:\/\/leportaildelumiere.com\/index.php\/wp-json\/wp\/v2\/glossary\/4579\/revisions"}],"predecessor-version":[{"id":4581,"href":"https:\/\/leportaildelumiere.com\/index.php\/wp-json\/wp\/v2\/glossary\/4579\/revisions\/4581"}],"wp:attachment":[{"href":"https:\/\/leportaildelumiere.com\/index.php\/wp-json\/wp\/v2\/media?parent=4579"}],"wp:term":[{"taxonomy":"glossary-cat","embeddable":true,"href":"https:\/\/leportaildelumiere.com\/index.php\/wp-json\/wp\/v2\/glossary-cat?post=4579"}],"curies":[{"name":"wp","href":"https:\/\/api.w.org\/{rel}","templated":true}]}}

<p>Le mot <strong>apocalypse</strong> provient du grec et signifie littéralement « révélation », et non cataclysme ou destruction comme on le croit souvent. Dans le contexte de la libération galactique, il représente un moment de transition cosmique où les voiles de l&rsquo;illusion sont levés pour permettre une reconnexion totale avec la Source.</p>



<p>Voici les détails approfondis pour comprendre ce concept :</p>



<p>Une intervention divine directe</p>



<p>L&rsquo;apocalypse désigne le moment unique où l&rsquo;Absolu (la Source) intervient directement dans la Création pour dissoudre l&rsquo;anomalie primaire et tout le mal qui y est lié. Cet événement se produit à la charnière entre l&rsquo;expansion et la contraction de l&rsquo;univers, marquant la fin d&rsquo;un grand cycle cosmique de plus de 13 milliards d&rsquo;années.</p>



<p>Un changement de nature quantique</p>



<p>Sur le plan scientifique et vibratoire, l&rsquo;apocalypse correspond à l&rsquo;effondrement de l&rsquo;état de « faux vide » — l&rsquo;état métastable actuel de l&rsquo;espace-temps qui permet l&rsquo;existence de l&rsquo;obscurité. Ce basculement vers un vide véritable réorganise les lois physiques au niveau quantique, éliminant définitivement toute trace de négativité dans l&rsquo;univers.</p>



<p>Le processus de purification</p>



<p>Le déclenchement de ce processus est lié à l&rsquo;éclipse solaire totale du 11 août 1999, moment où l&rsquo;univers a reçu la « clé » pour commencer la dissolution des ténèbres. Depuis lors, la Terre traverse une phase de purification extrême pour se préparer à la « Percée par Compression » ou l&rsquo;Événement.</p>



<p>La vision de Saint-Jean</p>



<p>L&rsquo;apocalypse décrite par Saint-Jean il y a 2000 ans était une vision fragmentée du plan de libération actuel. Elle incluait des éléments tels que :</p>



<p>• Le débarquement massif de vaisseaux-mères de la Confédération Galactique.</p>



<p>• La purification des forces obscures et de leurs technologies (comme les biopuces).</p>



<p>• La transition vers un « nouveau ciel » et une « nouvelle terre ».</p>



<p>L&rsquo;aboutissement : l&rsquo;Apocatastase</p>



<p>L&rsquo;apocalypse mène inévitablement à l&rsquo;<strong>Apocatastase</strong>, c&rsquo;est-à-dire la restauration finale de toutes choses à leur état originel de Lumière et de pureté. Une fois l&rsquo;obscurité éliminée, l&rsquo;humanité sortira de son amnésie collective pour cocréer son propre avenir dans un Âge d&rsquo;Or.</p>



<p>Ce processus est donc perçu comme une libération joyeuse plutôt qu&rsquo;une fin terrifiante.</p>

<p>Le mot apocalypse provient du grec et signifie littéralement « révélation », et non cataclysme&#8230;</p>
